
-6
Suppose -96*w + 92*w - 42 = -2*u, -2*u - 2*w = -30. Let t(r) = -r**2 + 16*r - 12. What is t(u)?
-29
Let s(v) = -v**3 - 8*v**2 + 9*v + 2. Let x be s(-9). Let b(w) = w**3 - w. Let q(a) = -9*a**3 + a**2 + 9*a - 2. Let z(j) = -8*b(j) - q(j). Determine z(x).
4
Let u(d) = 39*d**3 - d**2 + 2*d - 2. Let m = 13045 + -13044. What is u(m)?
38
Let u(a) = 10*a**3 + 15*a**2 + 38*a + 10. Let n(x) = 22*x**3 + 30*x**2 + 83*x + 21. Let r(w) = -6*n(w) + 13*u(w). What is r(6)?
88
Suppose -11*j - 2*j = -104. Suppose -60 = 5*p + 4*b, 5*p + 20 = -4*b + j*b. Let y(k) = -k**3 - 7*k**2 + 7*k - 2. Give y(p).
6
Let v(c) = -104 + 5*c**2 - 16*c + 31 + 18*c + 39 + 33. Calculate v(-2).
15
Let x be 51/(-7) - (-4)/14. Suppose 16*k = 306 + 366. Let a(j) = -110 + k + 74 + 4*j. Calculate a(x).
-22
Let d(o) = -3*o**3 + 28*o**2 - 68*o + 27. Let u be d(5). Let b(y) = y**3 - 8*y**2 - 50*y + 20. Calculate b(u).
-4
Let h(a) be the first derivative of a**3/3 - 2*a**2 + 5*a - 1667. What is h(7)?
26
Let l = -10 + 6. Let k(b) = 22*b**2 - 7*b - 10. Let w(r) = 19*r**2 + 2 + 0 - 6 - 5 - 6*r. Let u(y) = -6*k(y) + 7*w(y). Determine u(l).
13
Let h(r) = r**3 + 8*r**2 + 3*r - 11. Let p(b) = 191*b - 2868. Let v be p(15). Give h(v).
25
Let w(b) be the third derivative of 0*b + 1/120*b**6 - 1/6*b**4 - 35*b**2 - 1/2*b**3 + 0 + 1/12*b**5. Determine w(-6).
-15
Let r(m) = 1593*m - 795*m - 793*m - 26. Give r(7).
9
Suppose -3*g + 2*v - 8 + 15 = 0, 2*g - 10 = -4*v. Let x(i) be the third derivative of -1/8*i**4 + 0*i + 5/6*i**g + 0 - 8*i**2. Determine x(6).
-13
Let p(k) = -5*k + 16. Let g = 29649 + -29643. What is p(g)?
-14
Let l be (0 - 2)*(-10)/4. Let j(v) = -3*v**3 - 3*v**2 - 6*v - 3. Let a be j(-1). Let o(x) = -4 - 3*x + 17*x**3 - 4*x**2 + 1 + 10*x**3 - 26*x**a. What is o(l)?
7
Let a be 29/6 + (-10)/(-60). Suppose 0 = 5*h, 4*h + 31 = -a*s + 6. Let n(k) = k**3 + 4*k**2 + 5. Calculate n(s).
-20
Let v(w) = 11*w**2 + 2*w + 2. Let t(n) = -21*n**2 - 4*n - 6. Let h(u) = t(u) + 2*v(u). Suppose -8 = -0*k + 2*k. Give h(k).
14
Suppose j - 18*z + 26*z + 36 = 0, -4*j + 3*z - 4 = 0. Let t(c) = -c**3 - 4*c**2 - 3*c - 4. Determine t(j).
8
Let d(c) be the third derivative of -c**4/6 + 13*c**3 - 5*c**2 - 62*c + 4. What is d(22)?
-10
Let w be -1*2/(-6)*-87. Let x = w - -33. Let r(o) = 12*o**2 - o - 9*o**3 - x*o**2 - 5*o**2 - 2*o**2. What is r(1)?
-9
Let n = 178 - 175. Let h(i) = -53 - 50 - n*i - 7*i + 96 - i**2. Calculate h(-9).
2
Let v(i) = 6*i**2 + 1. Suppose -23*y + y = -110. Suppose -s = 4*r - 8, 2*r - 3*s - y = -15. Determine v(r).
7
Let d be 0 + 0 - (-10 + 16). Let c(s) be the second derivative of -s**5/20 - s**4/2 + s**3/6 + 4*s**2 - 458*s. Give c(d).
2
Suppose 51*u - 48*u + 4*n - 9 = 0, 4*u - 3*n - 87 = 0. Let x(v) = 2*v**2 - 22*v - 126. Determine x(u).
-6
Let z(j) be the second derivative of j**4/24 - 8*j**3/3 - 122*j**2 - 3*j + 12. Let o(y) be the first derivative of z(y). What is o(10)?
-6
Let f(z) be the third derivative of -1/24*z**4 + 0*z - 3*z**2 - 1/6*z**3 + 0. Suppose -77*k = 4*g - 80*k - 17, g + 4*k = -10. Give f(g).
-3
Let f be (2 - (0 + 2))/1. Suppose 4*l + 7*r - 2*r - 16 = f, 4*l + r - 16 = 0. Let w(c) = 4 + 2*c**2 - c**3 - 6*c + 0*c**2 + 3*c**2. What is w(l)?
-4
Let d be (27/((-918)/85))/((-10)/56). Let k(q) = q**3 - 3*q**2 - 153*q - 11. Give k(d).
3
Let u(c) = -9*c**2 + 16*c - 160. Let z(v) = -4*v**2 + 12*v - 79. Let r(d) = -3*u(d) + 7*z(d). What is r(34)?
-5
Let t(k) = 18*k - 89. Suppose 9*n - 2114 + 2069 = 0. What is t(n)?
1
Let h(s) be the third derivative of s**6/120 + 7*s**5/30 - 5*s**4/24 - 19*s**3/2 + 4398*s**2. What is h(-14)?
13
Let o = -8 - -18. Let a(v) = -v**2 + 12*v + 1. Let g be a(o). Let b = 29 - g. Let p(z) = -z + 14. Determine p(b).
6
Let c(y) = -y + 4. Let j be c(3). Let f(i) be the first derivative of -7*i**2/2 + 2*i - 7508. Give f(j).
-5
Let t(u) = 2*u. Suppose 3*i + 15 = 6*i - 3*a, 0 = -i - 4*a. Suppose 6*z + i = 52. Calculate t(z).
16
Let u(h) = h**2 + 2*h - 14. Let s be 6*(-21)/(378/(-120)). Suppose 5*y - s - 15 = 5*m, y - 17 = 2*m. Give u(m).
10
Let m(q) = 1 + 3*q + 6*q**3 + 5*q**2 + 4*q**3 - 9*q**3. Let c(x) = x**2 - 15*x - 4. Let b be c(13). Let w = 28 + b. Calculate m(w).
7
Let g(s) = -s - 1. Suppose 0 = -u + 13*u - 84. Let l be (-2)/u + (-2877)/49. Let v = l + 55. Calculate g(v).
3
Let z(s) be the first derivative of -s**3/3 + 5*s**2/2 - 2*s + 73. Let i(v) be the first derivative of v**3/3 - 7*v**2/2 - 5*v - 3. Let a be i(8). What is z(a)?
4
Let i be -2*(-3 + 2/4). Let n(f) be the third derivative of f**5/60 - f**4/3 + 5*f**3/3 - f**2 - 151*f. Determine n(i).
-5
Suppose 2*g + 9*i - 21 = 12*i, -2*i = -5*g + 25. Let h(y) = -28*y**2 + 15*y**2 - 1 - g*y + 12*y**2. What is h(-3)?
-1
Let i = -18 - -25. Let a(l) = -224*l**2 - 11*l - 17. Let j(w) = 373*w**2 + 20*w + 32. Let m(s) = -5*a(s) - 3*j(s). Calculate m(i).
3
Let k(l) = -l**3 + 7*l**2 - 8. Let g be k(7). Let a(j) = -27*j - 2*j**2 + 13*j**2 - 4 + 53*j - 17*j - 10*j**2. Calculate a(g).
-12
Let f(a) = -2*a**3 - 11*a**2 - 12*a + 2. Suppose -24*x = -893 + 965. Give f(x).
-7
Let b(z) = -z**3 - 16*z**2 - 50*z - 25. Let d be 2*-1 + 4*(-70)/28. Give b(d).
-1
Let m(r) = r**2 - 22*r + 82. Let l be m(5). Let c(t) be the second derivative of t**3/3 - t**2/2 + 33*t. Calculate c(l).
-7
Let d(n) = -4*n - 16. Let i(o) = 26 + 12 - 42 + 3*o + 19. Let m(h) = 6*d(h) + 7*i(h). Give m(6).
-9
Suppose 195*d = 58 - 253. Let b(s) = 0*s + 4*s + 3 - 11 + 6. What is b(d)?
-6
Let q(g) = -5*g + 16. Let m(z) = -4 - 1 + 0 + 14 - 2*z - 3. Let x(r) = -17*m(r) + 6*q(r). Give x(6).
18
Let m(t) = t**3 - 9*t**2 + 8*t - 9. Suppose -3*f + 5*g = -128, 6*f - 164 = f - 4*g. Suppose h = 6*q - 11*q + f, -h = -5*q + 44. Give m(q).
-9
Let o(l) = 284*l + l**3 - 571*l + 284*l - 10*l**2 - 3*l**3 + 6. Determine o(-4).
-14
Let k(q) = 4186 - 4*q - 5*q + 4145 - 8363. Give k(-7).
31
Let x(r) = -35*r + 9. Let m be x(3). Let w = m - -101. Let s(o) = 3*o + 4*o - w*o. Calculate s(-1).
-2
Suppose -12*a + 20 = -2*a. Let k(p) = 2 + 4 - 4 + 8 + 2*p - a. Calculate k(-6).
-4
Let w(u) = 12*u - 24. Let t be w(4). Suppose d - t*b + 8 = -23*b, -3*b = -12. Let r(m) = m + 2. Determine r(d).
-2
Suppose 23*b - 1140 = 11*b. Suppose 29 - b = 11*p. Let x(z) = -3*z - 17. Give x(p).
1
Let b(c) be the third derivative of -c**6/120 - c**5/10 + 7*c**4/24 + 2*c**3/3 + c**2. Suppose 282*l + 1441 + 761 = 228. Give b(l).
4
Let w(r) = -10*r - 13. Let f be w(-1). Let p(y) be the third derivative of 1/2*y**3 - 2*y**2 + 0 + 1/8*y**4 + 0*y. What is p(f)?
-6
Suppose 45*z - 12 = 43*z. Let p(i) = 2*i**2 + 0*i**2 - 3*i + 0*i**3 + 5*i**3 + z + 4 - 13. Give p(-2).
-29
Let b(o) = -2 - 8*o - 1 - 149*o**3 - 8*o**2 + 148*o**3. Let v be b(-7). Let a be 3 - (12 + v - 3). Let p(x) = -x**2 - 10*x - 7. Determine p(a).
-7
Suppose 280*k + 652 + 468 = 0. Let p(f) be the first derivative of 2*f**3/3 + 3*f - 7. Determine p(k).
35
Let d(x) = x**2 - 326*x - 35. Let a(u) = 3*u**2 - 893*u - 104. Let w(h) = -4*a(h) + 11*d(h). Determine w(-14).
31
Let u(b) = -b + 12. Let q(g) = 58*g + 1747. Let m be q(-30). What is u(m)?
5
Let u(s) = -s**3 + 2*s**2 - 2*s + 1. Let l be u(2). Let v(i) = -i**2 + 15 + 2*i - 104 + 43 + 44. Calculate v(l).
-17
Let t = -15 - -22. Suppose 6 + 6 = 2*r. Suppose r*j + 19 - t = 0. Let w(m) = m**3 + 3*m**2 + 3*m + 2. Determine w(j).
0
Let f(i) be the third derivative of i**4/6 - 2*i**3 + 1066*i**2. Determine f(-10).
-52
Let v(p) = 4*p**2 + 5*p - 12. Let h(i) = 9*i**2 + 8*i - 26. Let m(a) = -3*h(a) + 7*v(a). Let t = -100 - -91. Calculate m(t).
-24
Let o(i) = -6*i - 6. Suppose -13*z + 2*d = -17*z - 10, -4*z + 15 = -3*d. Determine o(z).
-6
Let u(l) = -l**2 - 2*l + 38. Let z be 4*((-299)/(-138)*18/(-4) + 8). Determine u(z).
3
Let p(u) = u**3 - 11*u**2 + u - 9. Let a be p(11). Let i(o) = -119 + 344 - 111 - 2*o**2 + 0*o**2 + 2*o - 113. Give i(a).
-3
Let a(j) = -j**3 + 47*j**2 - 45*j + 151. Let o(d) = d**3 + 3. Let l(t) = a(t) + 2*o(t). Give l(-48).
13
Let v(i) = -i**3 + 2*i**2 + 8*i - 6. Let u(a) = -a**2 + 13*a - 27. Let p be u(10). Determine v(p).
9
Let k = -115 + 109. Let j be (-31 + 28)/(k/4). Let q(z) = -5*z**2 - 9*z**2 + z + z**2 + 11*z**2. Calculate q(j).
-6
Let c be 2*(-7)/(14/(-4)). Let h(f) = 3*f - 5*f - c*f + 5*f. Suppose -6*w + 12 = -2*w + 4*v, w = 3*v - 13. Calculate h(w).
1
Let d(f) = 11*f**3 - 11*f**2 